{"id":2,"date":"2022-02-17T18:35:17","date_gmt":"2022-02-17T17:35:17","guid":{"rendered":"http:\/\/mvsxsqw.cluster031.hosting.ovh.net\/?page_id=2"},"modified":"2025-11-26T11:22:41","modified_gmt":"2025-11-26T10:22:41","slug":"connaitre-son-environnement","status":"publish","type":"page","link":"https:\/\/www.bperello.fr\/index.php\/connaitre-son-environnement\/","title":{"rendered":"Connaitre son environnement"},"content":{"rendered":"<style>.kadence-column2_2370c6-0e > .kt-inside-inner-col,.kadence-column2_2370c6-0e > .kt-inside-inner-col:before{border-top-left-radius:0px;border-top-right-radius:0px;border-bottom-right-radius:0px;border-bottom-left-radius:0px;}.kadence-column2_2370c6-0e > .kt-inside-inner-col{column-gap:var(--global-kb-gap-sm, 1rem);}.kadence-column2_2370c6-0e > .kt-inside-inner-col{flex-direction:column;}.kadence-column2_2370c6-0e > .kt-inside-inner-col > .aligncenter{width:100%;}.kadence-column2_2370c6-0e > .kt-inside-inner-col:before{opacity:0.3;}.kadence-column2_2370c6-0e{position:relative;}@media all and (max-width: 1024px){.kadence-column2_2370c6-0e > .kt-inside-inner-col{flex-direction:column;}}@media all and (max-width: 767px){.kadence-column2_2370c6-0e > .kt-inside-inner-col{flex-direction:column;}}<\/style>\n<div class=\"wp-block-kadence-column kadence-column2_2370c6-0e\"><div class=\"kt-inside-inner-col\"><style>.kb-row-layout-id2_02cceb-c5 > .kt-row-column-wrap{align-content:center;}:where(.kb-row-layout-id2_02cceb-c5 > .kt-row-column-wrap) > .wp-block-kadence-column{justify-content:center;}.kb-row-layout-id2_02cceb-c5 > .kt-row-column-wrap{column-gap:var(--global-kb-gap-md, 2rem);row-gap:var(--global-kb-gap-md, 2rem);max-width:var( --global-content-width, 1290px );padding-left:var(--global-content-edge-padding);padding-right:var(--global-content-edge-padding);padding-top:var(--global-kb-spacing-4xl, 8rem);padding-bottom:var(--global-kb-spacing-lg, 3rem);grid-template-columns:minmax(0, 1fr);}.kb-row-layout-id2_02cceb-c5 > .kt-row-layout-overlay{opacity:0.30;}@media all and (max-width: 1024px){.kb-row-layout-id2_02cceb-c5 > .kt-row-column-wrap{grid-template-columns:minmax(0, 1fr);}}@media all and (max-width: 767px){.kb-row-layout-id2_02cceb-c5 > .kt-row-column-wrap{grid-template-columns:minmax(0, 1fr);}}<\/style><div class=\"kb-row-layout-wrap kb-row-layout-id2_02cceb-c5 alignfull has-theme-palette8-background-color kt-row-has-bg wp-block-kadence-rowlayout\"><div class=\"kt-row-column-wrap kt-has-1-columns kt-row-layout-equal kt-tab-layout-inherit kt-mobile-layout-row kt-row-valign-middle kb-theme-content-width\">\n<style>.kadence-column2_da88c5-15 > .kt-inside-inner-col{display:flex;}.kadence-column2_da88c5-15 > .kt-inside-inner-col,.kadence-column2_da88c5-15 > .kt-inside-inner-col:before{border-top-left-radius:0px;border-top-right-radius:0px;border-bottom-right-radius:0px;border-bottom-left-radius:0px;}.kadence-column2_da88c5-15 > .kt-inside-inner-col{column-gap:var(--global-kb-gap-sm, 1rem);}.kadence-column2_da88c5-15 > .kt-inside-inner-col{flex-direction:row;flex-wrap:wrap;align-items:center;}.kadence-column2_da88c5-15 > .kt-inside-inner-col > *, .kadence-column2_da88c5-15 > .kt-inside-inner-col > figure.wp-block-image, .kadence-column2_da88c5-15 > .kt-inside-inner-col > figure.wp-block-kadence-image{margin-top:0px;margin-bottom:0px;}.kadence-column2_da88c5-15 > .kt-inside-inner-col > .kb-image-is-ratio-size{flex-grow:1;}.kt-row-column-wrap > .kadence-column2_da88c5-15{align-self:center;}.kt-inner-column-height-full:not(.kt-has-1-columns) > .wp-block-kadence-column.kadence-column2_da88c5-15{align-self:auto;}.kt-inner-column-height-full:not(.kt-has-1-columns) > .wp-block-kadence-column.kadence-column2_da88c5-15 > .kt-inside-inner-col{align-items:center;}.kadence-column2_da88c5-15 > .kt-inside-inner-col:before{opacity:0.3;}.kadence-column2_da88c5-15{position:relative;}@media all and (max-width: 1024px){.kt-row-column-wrap > .kadence-column2_da88c5-15{align-self:center;}}@media all and (max-width: 1024px){.kt-inner-column-height-full:not(.kt-has-1-columns) > .wp-block-kadence-column.kadence-column2_da88c5-15{align-self:auto;}}@media all and (max-width: 1024px){.kt-inner-column-height-full:not(.kt-has-1-columns) > .wp-block-kadence-column.kadence-column2_da88c5-15 > .kt-inside-inner-col{align-items:center;}}@media all and (max-width: 1024px){.kadence-column2_da88c5-15 > .kt-inside-inner-col{flex-direction:row;flex-wrap:wrap;align-items:center;}}@media all and (min-width: 768px) and (max-width: 1024px){.kadence-column2_da88c5-15 > .kt-inside-inner-col > *, .kadence-column2_da88c5-15 > .kt-inside-inner-col > figure.wp-block-image, .kadence-column2_da88c5-15 > .kt-inside-inner-col > figure.wp-block-kadence-image{margin-top:0px;margin-bottom:0px;}.kadence-column2_da88c5-15 > .kt-inside-inner-col > .kb-image-is-ratio-size{flex-grow:1;}}@media all and (max-width: 767px){.kt-row-column-wrap > .kadence-column2_da88c5-15{align-self:center;}.kt-inner-column-height-full:not(.kt-has-1-columns) > .wp-block-kadence-column.kadence-column2_da88c5-15{align-self:auto;}.kt-inner-column-height-full:not(.kt-has-1-columns) > .wp-block-kadence-column.kadence-column2_da88c5-15 > .kt-inside-inner-col{align-items:center;}.kadence-column2_da88c5-15 > .kt-inside-inner-col{flex-direction:row;flex-wrap:wrap;}.kadence-column2_da88c5-15 > .kt-inside-inner-col > *, .kadence-column2_da88c5-15 > .kt-inside-inner-col > figure.wp-block-image, .kadence-column2_da88c5-15 > .kt-inside-inner-col > figure.wp-block-kadence-image{margin-top:0px;margin-bottom:0px;}.kadence-column2_da88c5-15 > .kt-inside-inner-col > .kb-image-is-ratio-size{flex-grow:1;}}<\/style>\n<div class=\"wp-block-kadence-column kadence-column2_da88c5-15 kb-section-dir-horizontal\"><div class=\"kt-inside-inner-col\"><style>.kadence-column2_b814dd-f4{max-width:50px;margin-left:auto;margin-right:auto;}.wp-block-kadence-column.kb-section-dir-horizontal:not(.kb-section-md-dir-vertical)>.kt-inside-inner-col>.kadence-column2_b814dd-f4{-webkit-flex:0 1 50px;flex:0 1 50px;max-width:unset;margin-left:unset;margin-right:unset;}.kadence-column2_b814dd-f4 > .kt-inside-inner-col,.kadence-column2_b814dd-f4 > .kt-inside-inner-col:before{border-top-left-radius:0px;border-top-right-radius:0px;border-bottom-right-radius:0px;border-bottom-left-radius:0px;}.kadence-column2_b814dd-f4 > .kt-inside-inner-col{column-gap:var(--global-kb-gap-sm, 1rem);}.kadence-column2_b814dd-f4 > .kt-inside-inner-col{flex-direction:column;}.kadence-column2_b814dd-f4 > .kt-inside-inner-col > .aligncenter{width:100%;}.kadence-column2_b814dd-f4 > .kt-inside-inner-col:before{opacity:0.3;}.kadence-column2_b814dd-f4{position:relative;}@media all and (min-width: 1025px){.wp-block-kadence-column.kb-section-dir-horizontal>.kt-inside-inner-col>.kadence-column2_b814dd-f4{-webkit-flex:0 1 50px;flex:0 1 50px;max-width:unset;margin-left:unset;margin-right:unset;}}@media all and (max-width: 1024px){.kadence-column2_b814dd-f4 > .kt-inside-inner-col{flex-direction:column;}}@media all and (max-width: 767px){.wp-block-kadence-column.kb-section-sm-dir-vertical:not(.kb-section-sm-dir-horizontal):not(.kb-section-sm-dir-specificity)>.kt-inside-inner-col>.kadence-column2_b814dd-f4{max-width:50px;-webkit-flex:1;flex:1;margin-left:auto;margin-right:auto;}.kadence-column2_b814dd-f4 > .kt-inside-inner-col{flex-direction:column;}}<\/style>\n<div class=\"wp-block-kadence-column kadence-column2_b814dd-f4\"><div class=\"kt-inside-inner-col\"><style>.wp-block-kadence-spacer.kt-block-spacer-2_ccc9db-5b .kt-block-spacer{height:60px;}.wp-block-kadence-spacer.kt-block-spacer-2_ccc9db-5b .kt-divider{border-top-width:2px;border-top-color:var(--global-palette3, #1A202C);width:100%;border-top-style:solid;}<\/style>\n<div class=\"wp-block-kadence-spacer aligncenter kt-block-spacer-2_ccc9db-5b\"><div class=\"kt-block-spacer kt-block-spacer-halign-center\"><hr class=\"kt-divider\"\/><\/div><\/div>\n<\/div><\/div>\n\n\n<style>.wp-block-kadence-advancedheading.kt-adv-heading2_2bc0f1-5b, .wp-block-kadence-advancedheading.kt-adv-heading2_2bc0f1-5b[data-kb-block=\"kb-adv-heading2_2bc0f1-5b\"]{padding-bottom:0px;margin-top:0px;text-align:center;font-size:40px;font-style:normal;text-transform:uppercase;}.wp-block-kadence-advancedheading.kt-adv-heading2_2bc0f1-5b mark.kt-highlight, .wp-block-kadence-advancedheading.kt-adv-heading2_2bc0f1-5b[data-kb-block=\"kb-adv-heading2_2bc0f1-5b\"] mark.kt-highlight{font-style:normal;color:#f76a0c;-webkit-box-decoration-break:clone;box-decoration-break:clone;padding-top:0px;padding-right:0px;padding-bottom:0px;padding-left:0px;}<\/style>\n<h3 class=\"kt-adv-heading2_2bc0f1-5b wp-block-kadence-advancedheading\" data-kb-block=\"kb-adv-heading2_2bc0f1-5b\">connaitre son environnement<\/h3>\n\n\n<style>.kadence-column2_4f610e-dd > .kt-inside-inner-col,.kadence-column2_4f610e-dd > .kt-inside-inner-col:before{border-top-left-radius:0px;border-top-right-radius:0px;border-bottom-right-radius:0px;border-bottom-left-radius:0px;}.kadence-column2_4f610e-dd > .kt-inside-inner-col{column-gap:var(--global-kb-gap-sm, 1rem);}.kadence-column2_4f610e-dd > .kt-inside-inner-col{flex-direction:column;}.kadence-column2_4f610e-dd > .kt-inside-inner-col > .aligncenter{width:100%;}.kadence-column2_4f610e-dd > .kt-inside-inner-col:before{opacity:0.3;}.kadence-column2_4f610e-dd{position:relative;}@media all and (max-width: 1024px){.kadence-column2_4f610e-dd > .kt-inside-inner-col{flex-direction:column;}}@media all and (max-width: 767px){.kadence-column2_4f610e-dd > .kt-inside-inner-col{flex-direction:column;}}<\/style>\n<div class=\"wp-block-kadence-column kadence-column2_4f610e-dd\"><div class=\"kt-inside-inner-col\"><style>.wp-block-kadence-spacer.kt-block-spacer-2_3630d3-27 .kt-block-spacer{height:60px;}.wp-block-kadence-spacer.kt-block-spacer-2_3630d3-27 .kt-divider{border-top-width:2px;border-top-color:var(--global-palette3, #1A202C);width:100%;border-top-style:solid;}<\/style>\n<div class=\"wp-block-kadence-spacer aligncenter kt-block-spacer-2_3630d3-27\"><div class=\"kt-block-spacer kt-block-spacer-halign-center\"><hr class=\"kt-divider\"\/><\/div><\/div>\n<\/div><\/div>\n<\/div><\/div>\n\n<\/div><\/div><\/div><\/div>\n\n\n\n<p><\/p>\n\n\n\n<p>Ceci est une page d\u2019exemple. C\u2019est diff\u00e9rent d\u2019un article de blog parce qu\u2019elle restera au m\u00eame endroit et appara\u00eetra dans la navigation de votre site (dans la plupart des th\u00e8mes). La plupart des gens commencent par une page \u00ab&nbsp;\u00c0 propos&nbsp;\u00bb qui les pr\u00e9sente aux personnes visitant le site. Cela pourrait ressembler \u00e0 quelque chose comme cela&nbsp;:<\/p>\n\n\n\n<blockquote class=\"wp-block-quote is-layout-flow wp-block-quote-is-layout-flow\">\n<p>Bonjour&nbsp;! Je suis un m\u00e9canicien qui aspire \u00e0 devenir acteur, et voici mon site. J\u2019habite \u00e0 Bordeaux, j\u2019ai un super chien baptis\u00e9 Russell, et j\u2019aime la vodka (ainsi qu\u2019\u00eatre surpris par la pluie soudaine lors de longues balades sur la plage au coucher du soleil).<\/p>\n<\/blockquote>\n\n\n\n<p>\u2026ou quelque chose comme cela&nbsp;:<\/p>\n\n\n\n<blockquote class=\"wp-block-quote is-layout-flow wp-block-quote-is-layout-flow\">\n<p>La soci\u00e9t\u00e9 123 Machin Truc a \u00e9t\u00e9 cr\u00e9\u00e9e en 1971, et n\u2019a cess\u00e9 de proposer au public des machins-trucs de qualit\u00e9 depuis lors. Situ\u00e9e \u00e0 Saint-Remy-en-Bouzemont-Saint-Genest-et-Isson, 123 Machin Truc emploie 2 000 personnes, et fabrique toutes sortes de bidules supers pour la communaut\u00e9 bouzemontoise.<\/p>\n<\/blockquote>\n\n\n\n<p>En tant que nouvel utilisateur ou utilisatrice de WordPress, vous devriez vous rendre sur <a href=\"http:\/\/mvsxsqw.cluster031.hosting.ovh.net\/wp-admin\/\" target=\"_blank\" rel=\"noopener noreferrer nofollow\">votre tableau de bord<\/a> pour supprimer cette page et cr\u00e9er de nouvelles pages pour votre contenu. Amusez-vous bien&nbsp;!<\/p>\n\n\n<style>.kadence-column2_9fa2e4-b5 > .kt-inside-inner-col,.kadence-column2_9fa2e4-b5 > .kt-inside-inner-col:before{border-top-left-radius:0px;border-top-right-radius:0px;border-bottom-right-radius:0px;border-bottom-left-radius:0px;}.kadence-column2_9fa2e4-b5 > .kt-inside-inner-col{column-gap:var(--global-kb-gap-sm, 1rem);}.kadence-column2_9fa2e4-b5 > .kt-inside-inner-col{flex-direction:column;}.kadence-column2_9fa2e4-b5 > .kt-inside-inner-col > .aligncenter{width:100%;}.kadence-column2_9fa2e4-b5 > .kt-inside-inner-col:before{opacity:0.3;}.kadence-column2_9fa2e4-b5{position:relative;}@media all and (max-width: 1024px){.kadence-column2_9fa2e4-b5 > .kt-inside-inner-col{flex-direction:column;}}@media all and (max-width: 767px){.kadence-column2_9fa2e4-b5 > .kt-inside-inner-col{flex-direction:column;}}<\/style>\n<div class=\"wp-block-kadence-column kadence-column2_9fa2e4-b5\"><div class=\"kt-inside-inner-col\">\n<blockquote class=\"wp-block-quote is-layout-flow wp-block-quote-is-layout-flow\">\n<p>sdfsd<\/p>\n<\/blockquote>\n<\/div><\/div>\n\n\n\n<p><\/p>\n","protected":false},"excerpt":{"rendered":"<p>connaitre son environnement Ceci est une page d\u2019exemple. C\u2019est diff\u00e9rent d\u2019un article de blog parce qu\u2019elle restera au m\u00eame endroit et appara\u00eetra dans la navigation de votre site (dans la plupart des th\u00e8mes). La plupart des gens commencent par une page \u00ab&nbsp;\u00c0 propos&nbsp;\u00bb qui les pr\u00e9sente aux personnes visitant le site. Cela pourrait ressembler \u00e0&#8230;<\/p>\n","protected":false},"author":1,"featured_media":0,"parent":0,"menu_order":5,"comment_status":"closed","ping_status":"closed","template":"","meta":{"_kadence_starter_templates_imported_post":false,"_kad_post_transparent":"","_kad_post_title":"","_kad_post_layout":"default","_kad_post_sidebar_id":"","_kad_post_content_style":"","_kad_post_vertical_padding":"","_kad_post_feature":"","_kad_post_feature_position":"","_kad_post_header":false,"_kad_post_footer":false,"_kad_post_classname":"","footnotes":""},"class_list":["post-2","page","type-page","status-publish","hentry"],"yoast_head":"<!-- This site is optimized with the Yoast SEO plugin v27.0 - https:\/\/yoast.com\/product\/yoast-seo-wordpress\/ -->\n<title>Connaitre son environnement - Digital etc<\/title>\n<meta name=\"robots\" content=\"index, follow, max-snippet:-1, max-image-preview:large, max-video-preview:-1\" \/>\n<link rel=\"canonical\" href=\"https:\/\/www.bperello.fr\/index.php\/connaitre-son-environnement\/\" \/>\n<meta property=\"og:locale\" content=\"fr_FR\" \/>\n<meta property=\"og:type\" content=\"article\" \/>\n<meta property=\"og:title\" content=\"Connaitre son environnement - Digital etc\" \/>\n<meta property=\"og:description\" content=\"connaitre son environnement Ceci est une page d\u2019exemple. C\u2019est diff\u00e9rent d\u2019un article de blog parce qu\u2019elle restera au m\u00eame endroit et appara\u00eetra dans la navigation de votre site (dans la plupart des th\u00e8mes). La plupart des gens commencent par une page \u00ab&nbsp;\u00c0 propos&nbsp;\u00bb qui les pr\u00e9sente aux personnes visitant le site. Cela pourrait ressembler \u00e0...\" \/>\n<meta property=\"og:url\" content=\"https:\/\/www.bperello.fr\/index.php\/connaitre-son-environnement\/\" \/>\n<meta property=\"og:site_name\" content=\"Digital etc\" \/>\n<meta property=\"article:modified_time\" content=\"2025-11-26T10:22:41+00:00\" \/>\n<meta name=\"twitter:card\" content=\"summary_large_image\" \/>\n<meta name=\"twitter:label1\" content=\"Dur\u00e9e de lecture estim\u00e9e\" \/>\n\t<meta name=\"twitter:data1\" content=\"1 minute\" \/>\n<script type=\"application\/ld+json\" class=\"yoast-schema-graph\">{\"@context\":\"https:\/\/schema.org\",\"@graph\":[{\"@type\":\"WebPage\",\"@id\":\"https:\/\/www.bperello.fr\/index.php\/connaitre-son-environnement\/\",\"url\":\"https:\/\/www.bperello.fr\/index.php\/connaitre-son-environnement\/\",\"name\":\"Connaitre son environnement - Digital etc\",\"isPartOf\":{\"@id\":\"https:\/\/www.bperello.fr\/#website\"},\"datePublished\":\"2022-02-17T17:35:17+00:00\",\"dateModified\":\"2025-11-26T10:22:41+00:00\",\"breadcrumb\":{\"@id\":\"https:\/\/www.bperello.fr\/index.php\/connaitre-son-environnement\/#breadcrumb\"},\"inLanguage\":\"fr-FR\",\"potentialAction\":[{\"@type\":\"ReadAction\",\"target\":[\"https:\/\/www.bperello.fr\/index.php\/connaitre-son-environnement\/\"]}]},{\"@type\":\"BreadcrumbList\",\"@id\":\"https:\/\/www.bperello.fr\/index.php\/connaitre-son-environnement\/#breadcrumb\",\"itemListElement\":[{\"@type\":\"ListItem\",\"position\":1,\"name\":\"Accueil\",\"item\":\"https:\/\/www.bperello.fr\/\"},{\"@type\":\"ListItem\",\"position\":2,\"name\":\"Connaitre son environnement\"}]},{\"@type\":\"WebSite\",\"@id\":\"https:\/\/www.bperello.fr\/#website\",\"url\":\"https:\/\/www.bperello.fr\/\",\"name\":\"Digital etc\",\"description\":\"Un site utilisant WordPress\",\"publisher\":{\"@id\":\"https:\/\/www.bperello.fr\/#organization\"},\"potentialAction\":[{\"@type\":\"SearchAction\",\"target\":{\"@type\":\"EntryPoint\",\"urlTemplate\":\"https:\/\/www.bperello.fr\/?s={search_term_string}\"},\"query-input\":{\"@type\":\"PropertyValueSpecification\",\"valueRequired\":true,\"valueName\":\"search_term_string\"}}],\"inLanguage\":\"fr-FR\"},{\"@type\":\"Organization\",\"@id\":\"https:\/\/www.bperello.fr\/#organization\",\"name\":\"Digital etc\",\"url\":\"https:\/\/www.bperello.fr\/\",\"logo\":{\"@type\":\"ImageObject\",\"inLanguage\":\"fr-FR\",\"@id\":\"https:\/\/www.bperello.fr\/#\/schema\/logo\/image\/\",\"url\":\"https:\/\/www.bperello.fr\/wp-content\/uploads\/2020\/04\/digital_logo_min.png\",\"contentUrl\":\"https:\/\/www.bperello.fr\/wp-content\/uploads\/2020\/04\/digital_logo_min.png\",\"width\":100,\"height\":100,\"caption\":\"Digital etc\"},\"image\":{\"@id\":\"https:\/\/www.bperello.fr\/#\/schema\/logo\/image\/\"}}]}<\/script>\n<!-- \/ Yoast SEO plugin. -->","yoast_head_json":{"title":"Connaitre son environnement - Digital etc","robots":{"index":"index","follow":"follow","max-snippet":"max-snippet:-1","max-image-preview":"max-image-preview:large","max-video-preview":"max-video-preview:-1"},"canonical":"https:\/\/www.bperello.fr\/index.php\/connaitre-son-environnement\/","og_locale":"fr_FR","og_type":"article","og_title":"Connaitre son environnement - Digital etc","og_description":"connaitre son environnement Ceci est une page d\u2019exemple. C\u2019est diff\u00e9rent d\u2019un article de blog parce qu\u2019elle restera au m\u00eame endroit et appara\u00eetra dans la navigation de votre site (dans la plupart des th\u00e8mes). La plupart des gens commencent par une page \u00ab&nbsp;\u00c0 propos&nbsp;\u00bb qui les pr\u00e9sente aux personnes visitant le site. Cela pourrait ressembler \u00e0...","og_url":"https:\/\/www.bperello.fr\/index.php\/connaitre-son-environnement\/","og_site_name":"Digital etc","article_modified_time":"2025-11-26T10:22:41+00:00","twitter_card":"summary_large_image","twitter_misc":{"Dur\u00e9e de lecture estim\u00e9e":"1 minute"},"schema":{"@context":"https:\/\/schema.org","@graph":[{"@type":"WebPage","@id":"https:\/\/www.bperello.fr\/index.php\/connaitre-son-environnement\/","url":"https:\/\/www.bperello.fr\/index.php\/connaitre-son-environnement\/","name":"Connaitre son environnement - Digital etc","isPartOf":{"@id":"https:\/\/www.bperello.fr\/#website"},"datePublished":"2022-02-17T17:35:17+00:00","dateModified":"2025-11-26T10:22:41+00:00","breadcrumb":{"@id":"https:\/\/www.bperello.fr\/index.php\/connaitre-son-environnement\/#breadcrumb"},"inLanguage":"fr-FR","potentialAction":[{"@type":"ReadAction","target":["https:\/\/www.bperello.fr\/index.php\/connaitre-son-environnement\/"]}]},{"@type":"BreadcrumbList","@id":"https:\/\/www.bperello.fr\/index.php\/connaitre-son-environnement\/#breadcrumb","itemListElement":[{"@type":"ListItem","position":1,"name":"Accueil","item":"https:\/\/www.bperello.fr\/"},{"@type":"ListItem","position":2,"name":"Connaitre son environnement"}]},{"@type":"WebSite","@id":"https:\/\/www.bperello.fr\/#website","url":"https:\/\/www.bperello.fr\/","name":"Digital etc","description":"Un site utilisant WordPress","publisher":{"@id":"https:\/\/www.bperello.fr\/#organization"},"potentialAction":[{"@type":"SearchAction","target":{"@type":"EntryPoint","urlTemplate":"https:\/\/www.bperello.fr\/?s={search_term_string}"},"query-input":{"@type":"PropertyValueSpecification","valueRequired":true,"valueName":"search_term_string"}}],"inLanguage":"fr-FR"},{"@type":"Organization","@id":"https:\/\/www.bperello.fr\/#organization","name":"Digital etc","url":"https:\/\/www.bperello.fr\/","logo":{"@type":"ImageObject","inLanguage":"fr-FR","@id":"https:\/\/www.bperello.fr\/#\/schema\/logo\/image\/","url":"https:\/\/www.bperello.fr\/wp-content\/uploads\/2020\/04\/digital_logo_min.png","contentUrl":"https:\/\/www.bperello.fr\/wp-content\/uploads\/2020\/04\/digital_logo_min.png","width":100,"height":100,"caption":"Digital etc"},"image":{"@id":"https:\/\/www.bperello.fr\/#\/schema\/logo\/image\/"}}]}},"_links":{"self":[{"href":"https:\/\/www.bperello.fr\/index.php\/wp-json\/wp\/v2\/pages\/2","targetHints":{"allow":["GET"]}}],"collection":[{"href":"https:\/\/www.bperello.fr\/index.php\/wp-json\/wp\/v2\/pages"}],"about":[{"href":"https:\/\/www.bperello.fr\/index.php\/wp-json\/wp\/v2\/types\/page"}],"author":[{"embeddable":true,"href":"https:\/\/www.bperello.fr\/index.php\/wp-json\/wp\/v2\/users\/1"}],"replies":[{"embeddable":true,"href":"https:\/\/www.bperello.fr\/index.php\/wp-json\/wp\/v2\/comments?post=2"}],"version-history":[{"count":6,"href":"https:\/\/www.bperello.fr\/index.php\/wp-json\/wp\/v2\/pages\/2\/revisions"}],"predecessor-version":[{"id":1914,"href":"https:\/\/www.bperello.fr\/index.php\/wp-json\/wp\/v2\/pages\/2\/revisions\/1914"}],"wp:attachment":[{"href":"https:\/\/www.bperello.fr\/index.php\/wp-json\/wp\/v2\/media?parent=2"}],"curies":[{"name":"wp","href":"https:\/\/api.w.org\/{rel}","templated":true}]}}